 735541237?
1
What is the units digit of 2017201226?
6
What is the hundreds digit of 1966696848?
8
What is the millions digit of 3305127878?
5
What is the hundreds digit of 597111426?
4
What is the millions digit of 46061485?
6
What is the thousands digit of 16518253?
8
What is the ten thousands digit of 6319067148?
6
What is the thousands digit of 5829893?
9
What is the hundred thousands digit of 1583449?
5
What is the units digit of 121157766?
6
What is the ten thousands digit of 1598876280?
7
What is the units digit of 660357329?
9
What is the millions digit of 58342328?
8
What is the tens digit of 51268505?
0
What is the millions digit of 550470243?
0
What is the units digit of 1094331848?
8
What is the hundreds digit of 3291828791?
7
What is the hundred millions digit of 296688590?
2
What is the units digit of 95633750?
0
What is the thousands digit of 2549523412?
3
What is the ten millions digit of 47087920?
4
What is the billions digit of 9164824475?
9
What is the ten thousands digit of 33010896?
1
What is the thousands digit of 301375362?
5
What is the hundred millions digit of 125681767?
1
What is the hundred thousands digit of 2209837135?
8
What is the units digit of 387079351?
1
What is the hundreds digit of 28207556?
5
What is the hundred millions digit of 849756685?
8
What is the ten thousands digit of 541655?
4
What is the hundreds digit of 2009966191?
1
What is the ten thousands digit of 87947410?
4
What is the hundred millions digit of 178837798?
1
What is the hundreds digit of 194546091?
0
What is the ten millions digit of 614377050?
1
What is the ten thousands digit of 9555004?
5
What is the ten thousands digit of 208491167?
9
What is the millions digit of 10534561?
0
What is the hundreds digit of 4415341031?
0
What is the hundred thousands digit of 21450710?
4
What is the tens digit of 364209512?
1
What is the hundred thousands digit of 779136585?
1
What is the ten thousands digit of 102284199?
8
What is the tens digit of 25503581?
8
What is the millions digit of 370115059?
0
What is the ten thousands digit of 381620425?
2
What is the hundred thousands digit of 133536519?
5
What is the thousands digit of 6593578269?
8
What is the tens digit of 3429541521?
2
What is the ten millions digit of 42642737?
4
What is the thousands digit of 5979031300?
1
What is the ten millions digit of 4005454510?
0
What is the ten millions digit of 43826531?
4
What is the hundred millions digit of 936885529?
9
What is the ten thousands digit of 1955367843?
6
What is the ten millions digit of 819080090?
1
What is the ten thousands digit of 142278174?
7
What is the billions digit of 1665830151?
1
What is the units digit of 2158613697?
7
What is the hundreds digit of 33010487?
4
What is the tens digit of 92383998?
9
What is the ten thousands digit of 294737137?
3
What is the units digit of 612977843?
3
What is the units digit of 8436599?
9
What is the hundreds digit of 900185?
1
What is the ten millions digit of 5202055858?
0
What is the hundred thousands digit of 1359445325?
4
What is the ten thousands digit of 7070031?
7
What is the millions digit of 81162434?
1
What is the hundred thousands digit of 8650930?
6
What is the hundred millions digit of 2001248662?
0
What is the ten millions digit of 255033150?
5
What is the tens digit of 548592586?
8
What is the tens digit of 25207477?
7
What is the billions digit of 1694100443?
1
What is the millions digit of 295620703?
5
What is the ten thousands digit of 211996231?
9
What is the ten millions digit of 17301234?
1
What is the billions digit of 2417090786?
2
What is the thousands digit of 158708948?
8
What is the tens digit of 181785250?
5
What is the tens digit of 4210378?
7
What is the millions digit of 984460339?
4
What is the thousands digit of 7348426762?
6
What is the units digit of 80750941?
1
What is the ten thousands digit of 2071517744?
1
What is the hundreds digit of 12145860?
8
What is the hundreds digit of 958924297?
2
What is the ten thousands digit of 30467284?
6
What is the hundreds digit of 439486043?
0
What is the tens digit of 287509254?
5
What is the thousands digit of 40552085?
2
What is the hundred thousands digit of 25432525?
4
What is the hundreds digit of 107682684?
6
What is the millions digit of 29192913?
9
What is the hundreds digit of 32611247?
2
What is the ten thousands digit of 163636363?
3
What is the millions digit of 199923227?
9
What is the hundreds digit of 188489974?
9
What is the thousands digit of 247896987?
6
What is the ten millions digit of 200062030?
0
What is the hundred millions digit of 168979050?
1
What is the hundreds digit of 686630721?
7
What is the tens digit of 447802188?
8
What is the units digit of 281607609?
9
What is the ten thousands digit of 4787677034?
7
What is the millions digit of 283558090?
3
What is the hundred millions digit of 368125655?
3
What is the hundred millions digit of 1438510493?
4
What is the ten thousands digit of 168069961?
6
What is the units digit of 72476515?
5
What is the millions digit of 92204112?
2
What is the tens digit of 2252887757?
5
What is the units digit of 2118817381?
1
What is the ten millions digit of 101245136?
0
What is the units digit of 195026536?
6
What is the hundred thousands digit of 2852715346?
7
What is the billions digit of 4308891947?
4
What is the tens digit of 54551842?
4
What is the hundreds digit of 35585886?
8
What is the thousands digit of 3188738768?
8
What is the units digit of 54939284?
4
What is the hundreds digit of 180718274?
2
What is the units digit of 2511022815?
5
What is the units digit of 1808372034?
4
What is the ten millions digit of 540913254?
4
What is the ten millions digit of 53770053?
5
What is the units digit of 5011041730?
0
What is the hundreds digit of 1150023221?
2
What is the tens digit of 18977361?
6
What is the ten thousands digit of 578731736?
3
What is the ten millions digit of 76783116?
7
What is the tens digit of 144828925?
2
What is the hundreds digit of 1204048423?
4
What is the units digit of 103796801?
1
What is the millions digit of 4087458759?
7
What is the millions digit of 1013812790?
3
What is the millions digit of 4239588?
4
What is the millions digit of 443237709?
3
What is the hundred thousands digit of 752654385?
6
What is the hundred thousands digit of 641527009?
5
What is the ten millions digit of 16320224?
1
What is the ten thousands digit of 93599223?
9
What is the millions digit of 406378315?
6
What is the hundred millions digit of 2454321151?
4
What is the ten millions digit of 1502458572?
0
What is the tens digit of 15085438?
3
What is the hundreds digit of 308627763?
7
What is the ten thousands digit of 53527798?
2
What is the thousands digit of 67214861?
4
What is the units digit of 2322424638?
8
What is the tens digit of 175993716?
1
What is the tens digit of 45056454?
5
What is the ten millions digit of 3166191964?
6
What is the hundreds digit of 195363862?
8
What is the millions digit of 2037070916?
7
What is the ten millions digit of 533809298?
3
What is the hundred millions digit of 1331530754?
3
What is the ten thousands digit of 287705681?
0
What is the tens digit of 6100643?
4
What is the hundred thousands digit of 24061408?
0
What is the tens digit of 610007915?
1
What is the millions digit of 43775213?
3
What is the hundreds digit of 349311697?
6
What is the units digit of 486181437?
7
What is the millions digit of 725781056?
5
What is the thousands digit of 365155828?
5
What is the hundreds digit of 7731351?
3
What is the hundred thousands digit of 121099770?
0
What is the tens digit of 24118567?
6
What is the hundred thousands digit of 861084?
8
What is the tens digit of 41441132?
3
What is the millions digit of 39240514?
9
What is the millions digit of 35805859?
5
What is the hundred thousands digit of 272577508?
5
What is the hundred thousands digit of 488767430?
7
What is the units digit of 36740186?
6
What is the hundred millions digit of 1492671026?
4
What is the ten millions digit of 158104993?
5
What is the units digit of 63447994?
4
What is the hundreds digit of 4995807956?
9
What is the ten thousands digit of 5468666430?
6
What is the hundreds digit of 8328111?
1
What is the billions digit of 2168053988?
2
What 